Is ((907020/8)/15)/(9/30) a composite number?
True
Let r be (18/7)/((-11)/(-77)). Suppose -5*l = -2*w - 15 - 6, 3*w = 3*l - r. Is ((-7)/1 - w) + 47 prime?
True
Let t(d) = -23*d**2 + 9*d + 7. Let u be t(6). Let f = u - -2028. Suppose j = 262 + f. Is j a prime number?
True
Suppose 36*l - 202 = 33*l + 2*x, 2*l + 5*x = 103. Suppose -620 = -10*v + 6*v. Let y = v - l. Is y composite?
True
Let u(f) = 3*f**2 - 8*f + 6. Let t be u(2). Let b be (t/(-6))/((-4)/(-12)) + 3412. Let x = -1972 + b. Is x prime?
True
Let u(n) = 46918*n**2 + 9*n - 59. Is u(2) prime?
True
Let z(l) = 398*l**3 - 15*l**2 + 33*l - 187. Is z(6) a prime number?
True
Suppose -15 = -h - 3*o, 2*h = -h + 4*o - 7. Suppose h*w + 2 = 5. Let m = w + 388. Is m a prime number?
True
Let q be (6/(-15) + 1)/((-2)/(-10)). Suppose 5853 - 16973 = -4*z - d, -4*d - 8321 = -q*z. Is z a prime number?
False
Let z(m) = 5*m**3 - 118*m**2 - 73*m + 1175. Is z(76) a composite number?
False
Let r be (15 - 15)*(-1)/(-2). Suppose r = -3*z - j + 3258 - 795, 2463 = 3*z + 4*j. Is z a composite number?
False
Let y(h) = -84*h**2 - 11*h - 36. Let g be y(13). Let d be (-156)/27 - -6 - g/(-9). Let s = -896 - d. Is s composite?
False
Is ((-50016)/144)/(-4*(-4)/(-3048)) composite?
True
Let p(w) = 3*w**2 - 36*w + 13. Is p(28) a prime number?
False
Suppose -z + 1802666 = 4*x - 180004, 0 = -x + z + 495665. Is x a composite number?
False
Is 1079393 - ((-12)/(-14))/((-83)/(-7) + -12) a prime number?
True
Let w(j) = j**3 + 8*j**2 - 8*j + 9. Let y be w(-9). Suppose -v + y*v + 3 = 0. Suppose 0 = v*q - o - 361 - 308, 0 = -5*o. Is q composite?
False
Suppose -23*m + 625748 = -19*m. Is m a prime number?
True
Is ((176369/5)/((-111)/(-370)))/((-6)/(-9)) composite?
False
Suppose 5*p = 22 + 3. Let a(q) = 7*q**3 + 18*q - 4. Let l be a(6). Suppose -p*m + l = -1979. Is m composite?
False
Suppose -33*h = -38*h + 575. Let d be h/35 - 3 - (-2)/(-7). Suppose -4*p + d*p - 3356 = -4*v, 16 = 4*p. Is v prime?
False
Let r(p) = p**3 + 175 - 5*p - 236*p**2 + 0*p + 186*p**2. Is r(51) composite?
False
Let i = 98 - 87. Suppose -i*o = -20*o + 66699. Is o a composite number?
False
Let d(g) = 23*g**3 - 2*g**2 + 100*g - 234. Is d(25) a composite number?
False
Suppose -3*j - 3 - 11 = -5*c, -2*j = -5*c + 16. Suppose c*k = 3*s - 5467, -2*s + 3683 = 3*k + 2*k. Is s composite?
True
Let q = -29811 - -72478. Is q composite?
False
Suppose -q = -3*q + 6. Let s(d) = -q - 14 + 537*d + 3. Is s(3) a prime number?
True
Suppose -4*g = 3*r - 1071446, 3*g - 619611 = 4*r + 183936. Is g prime?
True
Let q = 119515 - -270078. Is q composite?
True
Let o(z) be the second derivative of -z**4/12 + 7*z**2 - 30*z. Let g be o(-4). Is -326*(g/4)/(8/88) composite?
True
Suppose 0 = 10*v + 210 - 260. Suppose v*o - l = 12450, 10010 = 5*o + 2*l - 2455. Is o a composite number?
True
Suppose 3 = -5*y + 18. Suppose 0 = -t - y*t + 2376. Suppose -159 = -3*m + t. Is m a composite number?
False
Let u be (-34)/(-153) + (788/18 - 0). Let w = 23 - u. Let h = w + 34. Is h a composite number?
False
Suppose 2665*x - 2685*x = -1356580. Is x a composite number?
False
Suppose 9*c + 132 = -13*c. Is c/10 - 21340/(-25) a prime number?
True
Let i(w) = w**3 - 14*w**2 + 12*w + 12. Let b be i(13). Let p be (-2 + 1 + 1)/b - 4. Is (-20)/(-8)*186 - (0 + p) a prime number?
False
Suppose -5*o = 15, 2*b - 506 = 3*o + o. Let n(z) = 202 - 179 + b*z - 15*z. Is n(4) a prime number?
False
Suppose 0 = -20*a + 18*a + 36. Suppose 14 + a = o. Is 5379/1 - o/(-5 + -3) a composite number?
True
Let x(b) = 3 - 519*b - b**2 + 514*b - 2. Let g be x(-4). Suppose -4 = q, -g*l - 4*q = -0*l - 22089. Is l a prime number?
True
Suppose -4*s + 126120 = 5*a - 227673, -3*a = -2*s - 212245. Is a prime?
True
Suppose -63867264 = -352*k - 32*k. Is k a composite number?
True
Is -1 - 32493*-2 - (-47)/(423/(-54)) a prime number?
False
Suppose 0 = -3250*t + 3240*t + 473610. Is t a prime number?
False
Let b(y) = -23 - 21 + 449*y + 112 + 137. Is b(18) a composite number?
False
Let o(w) = w**3 + 17*w**2 - 18*w + 2. Let s be o(-18). Suppose r + 5 = 5*z - 1, -s*z = 2*r - 12. Suppose -850 = -z*d + 120. Is d composite?
True
Let c be ((-17568)/(-6) - 7)/((-2)/(-34)). Suppose c = -0*l + 17*l. Is l composite?
True
Suppose 6*z - 12 = -0*z. Suppose -z*y + 2 = -8. Suppose -331 = -y*t + 4*c + 256, -5*c = -3*t + 347. Is t composite?
True
Let d be 11958*(52/42 - 24/42). Suppose -d = -7*s + 106. Is s a composite number?
True
Let w be ((-40)/(-15))/(1/12) + 2. Suppose -w*p - 7880 = -29*p. Let v = -823 - p. Is v prime?
False
Suppose -6*l + l = 4*o - 71514, 14300 = l - 2*o. Suppose -456*i + l = -454*i. Is i prime?
True
Let f(u) = -u**2 - 64*u + 38746. Is f(0) composite?
True
Let o(l) = -7*l - 9 - 5*l + 50*l. Suppose -19*i + 16*i + 4 = -4*z, 3*i - 2 = 5*z. Is o(i) a composite number?
True
Let l(v) = 2*v**3 - 22*v**2 - 16*v + 13. Suppose -2*w + 24 = 5*a, 6 = a + w - 0. Let z = 20 - a. Is l(z) prime?
False
Let d(s) = -2*s**3 + 8*s**2 + s - 21. Let v be d(3). Suppose -44*p + 76823 + 62349 = v. Is p prime?
True
Let u = -9 + 3. Let o(a) = 15*a - 3. Let c(w) = 61*w - 28. Let l(z) = 2*c(z) - 9*o(z). Is l(u) composite?
True
Let t(m) = -m + 17. Let k be t(13). Suppose -2*f + 25778 = -5*i, 3*i - f + 25774 = -2*i. Is ((-14)/21)/(k/i) a composite number?
False
Suppose 0 = 5*a - 7*l + 6*l - 11020, -2*a + 4396 = 2*l. Suppose 4*f - a = 48*k - 51*k, -2740 = -5*f - k. Is f a composite number?
False
Let v(a) = -a**3 - 2*a**2 - 4*a - 1. Let k be v(0). Is ((-2)/k + 21/(-12))*6628 a composite number?
False
Suppose 0 = -2*l - 4 - 0, 3*d - 60 = 3*l. Is 2992/d - 4/18 prime?
False
Is (6/13)/(-1) + 934738/26 prime?
True
Suppose -5*o = 25 + 115. Let q be (-1)/((-1)/(-340)*8/o). Let c = 2451 - q. Is c a composite number?
True
Suppose -9*l + 3*l = -4*l - 495382. Is l a prime number?
True
Suppose -4*a = -2272 - 2548. Let i = 6192 - a. Is i a composite number?
False
Suppose v - 9880 = -30865. Is (v/18)/((-25)/150) composite?
True
Suppose -2*p - 20 + 42 = 0. Suppose 4*z - 2*l - 15 - p = 0, 0 = -z + l + 9. Suppose -2*g - z = 0, -3*o + 2*g + 0*g = -631. Is o a composite number?
True
Is (-6)/(-4)*((-7826273)/(-51) + 19) a composite number?
False
Suppose 453 - 735 = -76*o + 630. Let u(k) = -4 + 4*k - 7 - 4. Is u(o) prime?
False
Let b be 390/(-27) - 16/(-36). Let i = 265 + b. Is i composite?
False
Let h = 20 + 278. Suppose -v = -189 - h. Is v composite?
False
Let h(u) = 7*u**3 - 5*u**2 + 14*u - 38. Let r be h(9). Suppose -3*n - 595 = -r. Is n composite?
True
Let k = 77 - 70. Suppose -1258 = -k*a + 2011. Is a a composite number?
False
Let x be (-8 - -7 - -2) + 5183. Suppose -3*f - 1917 = -3*r - x, 5*r = -10. Is f composite?
False
Let s be (5 - 18/((-12)/(-4)))*0. Suppose 5*t = 3*z + 38153, -z - 12 + 16 = s. Is t a composite number?
True
Is (-11)/(-55) + (-102)/(20/(-559496)*2) prime?
False
Suppose 59 - 51 = 4*m. Is 16538*m/14*(-42)/(-12) composite?
False
Is 85031 - (-3 - -9)*(-2)/2 a composite number?
False
Let h be 5982/15 + (-12)/15. Suppose -h + 360 = -2*k. Is k composite?
False
Suppose 4*m - 4*n - 269415 = 6585, 4*m - 2*n = 275986. Is m a prime number?
True
Suppose 25*l + 26*l + 59863 = 52*l. Is l a composite number?
False
Let w(v) = 27*v - 4*v - 29*v**2 - 3 + 18*v**2 + 15*v**2. Is w(-16) composite?
False
Let h(l) = 155*l**2 + 14*l + 16. Let j = 311 + -316. Is h(j) a composite number?
False
Suppose 5*z - 31 = 4*v + 2, z - 13 = 4*v. Let w(r) be the third derivative of 17*r**5/20 + r**4/12 - r**3/6 + 24*r**2. Is w(v) a prime number?
True
Let j(b) = -2*b**2 + 9*b - 8. Let o be j(2). Suppose l = -4*s + 1927, o*s + 2 = -0*s. Is l a composite number?
False
Let l = 13347 + -1966. Let j = 23802 - l. Is j a composite number?
False
Let h be (-169620)/(-225) - (-4)/30. Suppose -9*y + h = 4*y. Is y prime?
False
Let t = 236211 - 148730. Is t composite?
False
Suppose -30*m + 2930 + 21190 = 0. Let l be -10*(-3)/((-30)/(-32)). Suppose 36*k - m = l*k. Is k composite?
True
Suppose -3*j + 129 = 123. Let f be (0 - (-6 + j)) + -8. Is 7574/4*2 + f + 4 a prime number?
False
Let t be ((-54)/126)/((-1)/(-7)). Is (2/t)/((-86)/254517) a composite number?
False
Let i = -8 + -6. Let n be (-60)/i - (-20)/(-70). Is -1*2 + 245 + 0 + n prime?
False
Is (-640668)/(-36) + -13 - 1/3 prime?
True
Let z be 2/6 + 15/9. Let m be (-6)/(-10) + (-4